tor of k and 5?
5
Let a = -151 - -187. What is the highest common divisor of a and 12?
12
Let b be ((-2)/4)/(1/(-24)). Calculate the highest common divisor of 30 and b.
6
Let c(u) = 26*u + 2. Let t be c(3). Suppose -4*r + 3*q + 28 = -q, -2*q + 26 = 2*r. What is the highest common divisor of r and t?
10
Suppose 0*b - 3*b - 561 = -3*v, 5*v = b + 955. What is the greatest common divisor of 12 and v?
12
Let w(l) = -l**3 - 5*l**2 - 7*l - 6. Let k be w(-4). Let z be ((-20)/8)/(5/(-30)). What is the highest common divisor of k and z?
3
Let n be -3*(-1)/3 + 5 - -4. What is the highest common factor of n and 50?
10
Suppose 4*k + 3*o - 44 = -0*o, 20 = 5*k - 5*o. Calculate the greatest common factor of 20 and k.
4
Let r be 171/(-6)*56/(-12). What is the highest common divisor of 19 and r?
19
Let h(c) = 3*c**3 - 2. Let f be h(2). Calculate the greatest common factor of 55 and f.
11
Let w = 27 - 15. What is the greatest common factor of w and 36?
12
Suppose -4*k + 4*p = -110 + 6, 102 = 4*k - 3*p. Suppose -5*z - 4*q + 74 = 0, q + k + 3 = 2*z. Calculate the greatest common divisor of z and 98.
14
Let a(x) = 5*x**2 - 6*x - 3. Let n(d) = 6*d**2 - 5*d - 3. Let i(y) = -5*a(y) + 4*n(y). Let u be i(10). What is the greatest common factor of 15 and u?
3
Let b = 1 - -4. Suppose -238 = -b*u - 2*f, 46 = u - 0*u + 2*f. Calculate the highest common divisor of 6 and u.
6
Let l = -8 - -11. Let i be 2/(-10) - (-76)/(-20). Let z = 5 + i. What is the greatest common factor of l and z?
1
Let i(t) = t**3 + 5. Let n be i(4). Let k = n + -47. Calculate the highest common divisor of k and 44.
22
Let b = 8 + 5. Calculate the greatest common divisor of 39 and b.
13
Suppose 4*u - b = 2*b + 13, -u + 4*b = 0. Calculate the greatest common divisor of 4 and u.
4
Suppose 0 = -w + 5*c + 60, -5*w + 0 = -c - 300. What is the highest common divisor of 20 and w?
20
Suppose -5*o + 196 = 41. What is the greatest common factor of o and 248?
31
Let j(c) = 2*c**3 - 3*c**2 - 3*c. Let q be j(-2). Let h be (-26)/(-22) + 4/q. Let s be ((-3)/(-2))/(h/6). What is the greatest common divisor of s and 27?
9
Suppose -3*d - 27 = 60. Let t = 7 + -28. Let h = t - d. What is the highest common factor of 56 and h?
8
Suppose -3*m - 111 = -447. Calculate the greatest common factor of 14 and m.
14
Let b be 20 + 3 + 4/4. Calculate the highest common divisor of 12 and b.
12
Let f(k) = -93*k - 2. Let o be f(-1). Calculate the highest common factor of o and 13.
13
Suppose -2*n = -6*n + 220. What is the highest common divisor of n and 22?
11
Let k = 107 - 51. What is the highest common divisor of 7 and k?
7
Let p be 10/2 - (1 - -2). Suppose 3*t = -p*t + 15. What is the greatest common divisor of 21 and t?
3
Suppose -2*x = -0*x + 3*f - 125, -2*f - 2 = 0. Calculate the greatest common divisor of x and 32.
32
Suppose 3*f + 5 = 32. Suppose -4*u + f*u + w - 79 = 0, 0 = -3*u + 4*w + 29. Calculate the highest common divisor of 5 and u.
5
Suppose -2*z - d + 5 = 2, 2*z - 5 = -3*d. Let s = 4 - z. Suppose s*l - r - 4*r - 46 = 0, -3*l + 34 = r. What is the greatest common divisor of l and 132?
12
Let w = -137 + 172. Let f be 2/((-2)/(-1)) - -13. What is the greatest common divisor of f and w?
7
Let t = -41 + 73. Calculate the highest common divisor of 8 and t.
8
Suppose 0 = -0*s + 5*s + h - 27, 3*s = 3*h + 9. Suppose -3*v - s*m = 2*v - 45, -5 = -5*m. What is the greatest common factor of v and 72?
8
Suppose s + m - 11 = -1, 0 = 4*s - 3*m - 54. Let d be -70*(1/(-2) - 1). Let x = d + -69. What is the highest common factor of x and s?
12
Let g = 0 + 2. Suppose 2*k - 30 = -5*j, -g*j = -k - 4*k - 12. Calculate the greatest common divisor of 6 and j.
6
Let j(n) = n**2 + n - 3. Let q be j(-5). Calculate the highest common divisor of q and 68.
17
Let g(y) = y - 4. Let i be g(9). Let j(r) = r**3 + 6*r**2 - r - 1. Let p be j(-6). What is the highest common factor of p and i?
5
Let c be 4 - (3 + 3) - -50. Calculate the greatest common divisor of 48 and c.
48
Let s = 11 - 7. Suppose -2*f + 80 = -5*q, -q = -3*f + 175 - 29. Suppose 4*d - s = -0, -5*w - 5*d = -f. Calculate the highest common factor of w and 45.
9
Let y(b) = -2 + 2*b**2 + 3 - 4. Let l be 70/(-22) - 4/(-22). Let i be y(l). Calculate the greatest common divisor of i and 15.
15
Suppose 5*y = 10*y - 25. Suppose 0 = y*l - 31 - 259. Calculate the greatest common factor of 145 and l.
29
Let v be 3/((45/48)/5). Suppose 0 = 3*n - 4*q + 178, -4*n - 5*q - 142 = -n. Let o = -22 - n. What is the greatest common factor of v and o?
16
Suppose -5*g - 20 = -a - 2*g, 3*a = g + 44. Calculate the greatest common divisor of 126 and a.
14
Suppose 18*z = 14*z + 24. Calculate the greatest common factor of 3 and z.
3
Let k be (-237)/(-21) - (-14)/(-49). Calculate the highest common divisor of 77 and k.
11
Let c(a) = -6*a + 16. Let q be c(7). Let h = 41 + q. Suppose 2*f - 3*f = -135. Calculate the greatest common factor of h and f.
15
Let p(a) = -3*a - 1. Let o be p(-2). Suppose -2*v + 15 = 5*r, 2*r + 4*v - 22 = -0*r. Let d be (r - -1)/(4/50). What is the greatest common divisor of d and o?
5
Suppose -4*p = 3*h - 115, h - 35 + 5 = -3*p. Calculate the highest common divisor of h and 5.
5
Let l = -152 + 18. Let t = -2 - -6. Let c be t/(-10) + l/(-10). What is the greatest common factor of c and 13?
13
Suppose 3*r - 12 = -z, 5*z - 3*z = -3*r + 15. Suppose 142 = 4*l + 3*n - 87, l = z*n + 46. Calculate the greatest common divisor of l and 5.
5
Let f = -3 - -6. Let c be 1 + 6/f*1. Suppose 2*w = 5*r - 162, c*w = -5*r + 140 + 17. What is the highest common divisor of 8 and r?
8
Let d be 511/14 + (-3)/6. Let q = 22 - 13. What is the highest common divisor of q and d?
9
Let n(v) = 4*v**2 - 2*v - 1. Let c be n(2). What is the greatest common factor of 11 and c?
11
Let y(v) be the second derivative of 6*v**3 - 9*v**2/2 - 6*v. Let d be y(6). What is the highest common factor of 23 and d?
23
Let s(h) = -h**3 - 3*h**2 - h + 1. Suppose 2*d + 9 - 3 = 0. Let f be s(d). Calculate the highest common divisor of 28 and f.
4
Suppose 6*g + 2 = 116. Calculate the greatest common divisor of 38 and g.
19
Let h be (-344)/(-6)*(-6)/4. Let j = h - -259. Suppose 5*p - j - 502 = 0. What is the greatest common factor of 15 and p?
15
Let q be (3/(-6))/((-2)/(-64)). Let j = -5 - q. Suppose j - 59 = -r. What is the highest common factor of 12 and r?
12
Let w(x) = x**2 - 12*x - 3. Let r be w(7). Let l = 68 + r. Calculate the highest common factor of 12 and l.
6
Let p(l) = 8*l**2 + l + 9. Let t be p(4). Let y = 285 - t. What is the highest common divisor of 16 and y?
16
Suppose -6*a + a = -110. Suppose 0*s = 2*s - a. What is the greatest common factor of s and 121?
11
Let o be -1*(-1 + -1) + 1. Let y(m) = m**3 - 4*m**2 - 4*m + 4. Let a be y(5). Calculate the highest common divisor of a and o.
3
Let w = -57 + 104. Let j = w + -27. What is the greatest common divisor of 10 and j?
10
Suppose -4*p + 4*j = -0*p - 108, 3*p - 66 = -2*j. Suppose 4*z = 3*z + p. What is the greatest common factor of z and 12?
12
Let y = -15 - -19. Suppose -n - 5*v - 393 = -3*n, -746 = -y*n + 2*v. Calculate the greatest common factor of 23 and n.
23
Suppose -3*v + 3*q = -54, v + 4*v - 102 = q. Let r be (15 - 1)*3/2. What is the greatest common divisor of r and v?
21
Let u be (0 - (-4)/(-3))/(1/(-6)). What is the greatest common factor of u and 1?
1
Let y = -22 + 12. Let c be -7*3*y/6. What is the greatest common factor of 7 and c?
7
Suppose j + 2*l = 106, -2*j + l = -0*j - 217. Let g be 1/(-4) - 202/(-8). Suppose 0 = -a - 1, 2*a + g = 5*t - 37. What is the highest common divisor of j and t?
12
Suppose a = 40 - 0. Let c(d) = -d + 4. Let k be c(-6). What is the highest common factor of k and a?
10
Let o = -34 - -56. Suppose -2*q - o = -406. Suppose -b - 3*b + q = 0. Calculate the highest common divisor of b and 6.
6
Let u = -41 + 61. Calculate the highest common factor of u and 12.
4
Suppose -36*m + 26 = -35*m. What is the greatest common factor of m and 39?
13
Suppose 72 = r - 3. Calculate the greatest common divisor of 50 and r.
25
Let g be (1 - (-1 + 2))/(-2). Let k(l) be the second derivative of -l**3/6 + 2*l**2 - 3*l. Let y be k(g). What is the highest common divisor of y and 16?
4
Let r = -15 + 31. Calculate the highest common divisor of r and 48.
16
Let c = 3 